9588239 a composite number?
True
Is 5889239 composite?
False
Is 37392349 composite?
False
Is 86297777 prime?
False
Is 3991087 a prime number?
True
Is 4242893 prime?
True
Is 158782253 a composite number?
True
Is 3909647 a prime number?
False
Is 317029169 a prime number?
True
Is 2613063 a prime number?
False
Is 2495501 a prime number?
True
Is 234549283 a composite number?
False
Is 24864869 a prime number?
True
Is 68271569 a composite number?
True
Is 9117809 prime?
True
Is 21838233 a prime number?
False
Is 77293505 composite?
True
Is 456013523 a composite number?
True
Is 99479515 prime?
False
Is 4164353 a composite number?
True
Is 2001839 a prime number?
False
Is 508146131 a composite number?
False
Is 442699 a composite number?
False
Is 5808133 composite?
True
Is 130752179 composite?
True
Is 12158669 a prime number?
True
Is 32104223 a composite number?
False
Is 12103045 a prime number?
False
Is 86751803 a composite number?
True
Is 9357657 composite?
True
Is 2244973 a composite number?
False
Is 26083201 composite?
False
Is 1233033 a prime number?
False
Is 533135471 a prime number?
False
Is 4478527 a composite number?
False
Is 4897393 a prime number?
False
Is 12329211 prime?
False
Is 200579 composite?
False
Is 263306741 prime?
False
Is 2667127 composite?
True
Is 32590091 composite?
True
Is 84584289 composite?
True
Is 5433403 composite?
False
Is 31437717 composite?
True
Is 6023357 a composite number?
False
Is 665300435 prime?
False
Is 8417623 a prime number?
True
Is 5246687 a prime number?
False
Is 101801 a composite number?
True
Is 4024739 composite?
False
Is 888619 a composite number?
True
Is 17236223 a composite number?
True
Is 40562521 prime?
True
Is 191448211 a composite number?
False
Is 11902439 prime?
False
Is 30386513 a prime number?
True
Is 68023 a prime number?
True
Is 49736627 prime?
True
Is 56763829 a prime number?
True
Is 349545461 prime?
True
Is 307022867 composite?
True
Is 24642455 a prime number?
False
Is 236103649 composite?
False
Is 13016177 a prime number?
True
Is 39994141 prime?
False
Is 11523997 composite?
False
Is 214893647 prime?
True
Is 52179773 prime?
True
Is 88175361 a composite number?
True
Is 1494431 a prime number?
False
Is 49290677 prime?
True
Is 447001 a prime number?
True
Is 4292501 composite?
False
Is 1726057 a prime number?
False
Is 391031 a composite number?
False
Is 33290067 a composite number?
True
Is 671467 prime?
True
Is 108290821 composite?
False
Is 39072353 composite?
False
Is 75623741 a prime number?
False
Is 18143729 prime?
True
Is 1285679 a prime number?
True
Is 5288167 a composite number?
False
Is 5906451 prime?
False
Is 21995821 a prime number?
False
Is 1848983 a composite number?
False
Is 499254941 composite?
False
Is 53051731 a prime number?
False
Is 638592497 a prime number?
False
Is 31995839 a composite number?
False
Is 1270679 a prime number?
True
Is 25465579 composite?
False
Is 41419177 composite?
True
Is 38527781 a composite number?
True
Is 11214977 a composite number?
True
Is 1599601 prime?
True
Is 86774957 a prime number?
False
Is 8598299 a prime number?
False
Is 48170557 a prime number?
True
Is 307715431 composite?
True
Is 66175069 a composite number?
False
Is 605252966 a composite number?
True
Is 49991719 a composite number?
True
Is 257796943 a composite number?
True
Is 8913959 a prime number?
False
Is 3240665 prime?
False
Is 1980221 composite?
False
Is 119940803 composite?
True
Is 6576401 a composite number?
True
Is 18915703 prime?
True
Is 3142829 prime?
True
Is 3845627 a prime number?
False
Is 1025303 a prime number?
True
Is 21439183 a composite number?
False
Is 6623063 prime?
False
Is 1089611 prime?
True
Is 217145351 composite?
False
Is 250063851 composite?
True
Is 1659971 composite?
False
Is 504720913 prime?
True
Is 1080772673 a prime number?
True
Is 1242187 a prime number?
False
Is 8532307 a composite number?
True
Is 100478107 a composite number?
False
Is 365627 a composite number?
False
Is 11994559 composite?
False
Is 138479 a prime number?
False
Is 70332733 composite?
False
Is 134024567 prime?
False
Is 18664435 prime?
False
Is 361417 a prime number?
False
Is 28909061 a composite number?
True
Is 28292963 a prime number?
True
Is 35598443 composite?
True
Is 127459151 prime?
True
Is 1352093 a composite number?
False
Is 177347 a prime number?
True
Is 14702878 composite?
True
Is 69714101 a prime number?
True
Is 956089 a prime number?
False
Is 63251189 composite?
False
Is 121267711 composite?
False
Is 66412849 a composite number?
False
Is 47393689 prime?
False
Is 2707993 a prime number?
False
Is 614609 prime?
True
Is 221198081 a composite number?
True
Is 50037971 a prime number?
True
Is 12406061 prime?
False
Is 37320697 a composite number?
True
Is 7460797 composite?
True
Is 43712843 prime?
True
Is 37261 prime?
False
Is 2330387 a composite number?
False
Is 64438771 composite?
False
Is 1455821 composite?
False
Is 10716521 composite?
True
Is 6655531 a prime number?
True
Is 60535277 a prime number?
False
Is 6220267 prime?
False
Is 1124633 a composite number?
True
Is 414451 a prime number?
True
Is 59803169 a prime number?
True
Is 36185521 prime?
True
Is 14869717 a composite number?
False
Is 20600329 a prime number?
False
Is 73967606 a composite number?
True
Is 3224499 prime?
False
Is 24394487 a prime number?
False
Is 93491171 a prime number?
True
Is 15228713 a composite number?
False
Is 607051 prime?
False
Is 147275927 a prime number?
True
Is 908754731 a composite number?
True
Is 108162829 a prime number?
False
Is 514709945 a composite number?
True
Is 3567247 prime?
True
Is 7387909 prime?
True
Is 170307257 a composite number?
False
Is 386117 composite?
False
Is 18641201 a prime number?
False
Is 140835407 a composite number?
True
Is 133804037 prime?
True
Is 432781 composite?
False
Is 667417 prime?
True
Is 1534727 composite?
False
Is 13151581 composite?
False
Is 98957591 a prime number?
True
Is 286707 a prime number?
False
Is 85638173 prime?
False
Is 6803765 a prime number?
False
Is 111829753 a prime number?
False
Is 860005 composite?
True
Is 1095043 a prime number?
True
Is 12045907 a prime number?
True
Is 5831941 a composite number?
True
Is 88241 prime?
True
Is 389282381 composite?
True
Is 994715147 prime?
True
Is 11702263 composite?
False
Is 10240441 prime?
False
Is 44150609 prime?
True
Is 14661173 composite?
False
Is 2103229 prime?
True
Is 40358927 a prime number?
False
Is 49153029 a prime number?
False
Is 80769661 a prime number?
False
Is 20569999 a prime number?
True
Is 315426121 prime?
True
Is 3611326 a prime number?
False
Is 5146007 a composite number?
True
Is 3887063 a composite number?
True
Is 837931 composite?
False
Is 50364287 composite?
True
Is 3455761 composite?
False
Is 98795485 a composite number?
True
Is 1709873 composite?
True
Is 8475239 a composite number?
False
Is 279651763 prime?
True
Is 1496767 a prime number?
True
Is 7282903 prime?
True
Is 23951183 a composite number?
False
Is 306727 a prime number?
True
Is 10163123 a prime number?
False
Is 1108573915 prime?
False
Is 8976115 composite?
True
Is 107203883 a prime number?
True
Is 5866141 a composite number?
False
Is 14824661 a prime number?
True
Is 74161697 a composite number?
True
Is 2341201 a composite number?
False
Is 11456659 composite?
True
Is 152951 a prime number?
False
Is 72073 prime?
True
Is 67059671 prime?
False
Is 8346953 composite?
True
Is 15758269 a prime number?
False
Is 9527717 prime?
False
Is 3340487 prime?
True
Is 33511591 composite?
True
Is 17822473 a composite number?
True
Is 18978889 composite?
True
Is 1965907 composite?
True
Is 156485717 a composite number?
True
Is 1424681 composite?
False
Is 1024843 composite?
False
Is 6393521 a composite number?
True
Is 2359661 a composite number?
False
Is 66466553 composite?
False
Is 155104861 a prime number?
True
Is 93006347 a prime number?
False
Is 200683051 a prime number?
True
Is 2354965 a prime number?
False
Is 162250415 a prime number?
False
Is 9829633 a composite number?
True
Is 53592287 a prime number?
False
Is 745176309 prime?
False
Is 25325893 prime?
False
Is 650447 prime?
False
Is 758671 a prime number?
True
Is 5681561 a composite number?
False
Is 3527399 prime?
True
Is 173429 a prime number?
True
Is 11248807 a prime number?
True
Is 1647761 composite?
False
I